e remainder when 47 is divided by i?
11
Suppose 7*q = 4*q - u + 6, 2*q = -3*u - 3. Let l(v) be the second derivative of v**3/2 + 3*v**2/2 - 15*v. Calculate the remainder when 22 is divided by l(q).
10
Suppose -4*l = 4*i, 2*l + 1 - 15 = 5*i. Let o(s) = -5*s + l - 2. Calculate the remainder when 13 is divided by o(-1).
3
Let n(q) = q**2 - 8*q - 1. Let i be n(7). Let b = i + 13. Calculate the remainder when b is divided by 4.
1
Let z(v) be the first derivative of -v**3/3 + 7*v**2/2 - 1. Let f be z(7). Suppose f = -k + 8 - 2. Calculate the remainder when 15 is divided by k.
3
Suppose -3*d = -5*z - 39, 4*d - 42 = 5*z - 0*z. Calculate the remainder when (32 + 1)*(-10)/z is divided by 19.
17
Let t(a) be the second derivative of 7*a**4/6 + a**3/6 + a. What is the remainder when 2/4 + (-235)/(-10) is divided by t(-1)?
11
What is the remainder when 53 is divided by (28 - 1) + (0 - (-24)/(-6))?
7
Calculate the remainder when 68 is divided by 17/1 - (-7 - -6).
14
Let z(j) = 12*j**2 + 5*j + 4. Let c(b) = -13*b**2 - 6*b - 4. Let y(d) = 6*c(d) + 7*z(d). What is the remainder when y(-3) is divided by 16?
13
Let y = -19 - -37. Suppose 2*p - 4*b - y = -0*p, -25 = -p - 2*b. What is the remainder when p is divided by 9?
8
Let a(i) = i**2 - 5*i - 7. Suppose 3*m = 8*m - 35. Calculate the remainder when 26 is divided by a(m).
5
What is the remainder when 19 is divided by 16 + -1 + 0 - 3?
7
What is the remainder when 34 is divided by 4*2/(-4) + 10*2?
16
Let u = 9 + 16. Calculate the remainder when u is divided by 9.
7
What is the remainder when 10 is divided by 36/(-42)*(1 - 8)?
4
Suppose 290 = 2*r - 108. What is the remainder when r is divided by 17?
12
Let u be ((-6)/(-9))/((-4)/(-30)). Suppose 6 = -3*i, 2*m - 4*i = u + 15. Calculate the remainder when 10 is divided by m.
4
Let v = -12 + 28. Let m(b) = -7*b + 3. What is the remainder when m(-4) is divided by v?
15
Let z = -133 + 231. Let s = z + -13. Calculate the remainder when s is divided by 22.
19
Suppose 0 = -i - 5*s - 9, 4*i + i + 5*s = 35. Let v = -14 + 34. Calculate the remainder when v is divided by i.
9
Let w(i) be the second derivative of i**5/20 - i**3/2 + i**2/2 - 2*i. Let s be ((-9)/6)/((-6)/8). Calculate the remainder when w(s) is divided by 1.
0
Suppose 3*c + c = 0. Let q(f) = -5*f + 1. What is the remainder when 1*((c - 2) + 33) is divided by q(-2)?
9
Suppose 76 = 4*s + 3*o, 2*s - 7*o - 38 = -2*o. Calculate the remainder when 37 is divided by s.
18
Let v(y) = y**2 - 4. Suppose -14 = -m + 5*j, 0*j + j = -4*m + 56. What is the remainder when m is divided by v(-3)?
4
Suppose i - 8 = -d + 1, -5*d - 18 = -4*i. Suppose 0 = z + 53 - 73. Calculate the remainder when z is divided by i.
6
Let x = -11 - -50. What is the remainder when 115 is divided by x?
37
Let h(i) be the second derivative of -i**5/20 - i**4/4 - i**3/3 + 3*i**2/2 - 3*i. What is the remainder when h(-3) is divided by 4?
1
Let y = 45 - 7. What is the remainder when y is divided by 20?
18
Suppose 3*b = -b + 4. Calculate the remainder when (4/6*-4)/((-2)/3) is divided by b.
0
Let a(q) = 2*q**2 - 7*q + 5. Let s be a(5). Let x = s - 10. What is the remainder when x is divided by 4?
2
Let k = 175 - 114. Calculate the remainder when k is divided by 13.
9
Suppose 18 = 2*j - 4. Calculate the remainder when 19 is divided by j.
8
Suppose -f = -11*f + 90. Calculate the remainder when 35 is divided by f.
8
Let c = 10 - 17. Let l(u) = -u**3 - 6*u**2 - u - 2. Let d be l(c). Suppose 4*k - d = -22. What is the remainder when 15 is divided by k?
7
Let l(w) = 11*w + 98. Let f be 4 - 1 - (-2 + 0). Suppose 0 = -4*j - f*y + y + 160, -5*y = -3*j + 96. What is the remainder when j is divided by l(-8)?
7
Suppose -8*m + 5*m + 42 = 0. Calculate the remainder when 68 is divided by m.
12
Suppose 2*b = 2*l - 30, -3*l + l - 2*b + 34 = 0. Let h = l - -1. Suppose 2*n - 5*m - 25 = 0, 6*n + m - h = 2*n. Calculate the remainder when 9 is divided by n.
4
Suppose 5*t - 371 = -w, -w = 3*t + w - 224. Calculate the remainder when t is divided by ((-25)/2)/((-8)/16).
24
Let r(u) = 7*u + 23. Calculate the remainder when r(5) is divided by 23.
12
Let h(w) = 4*w**2 - 4*w - 11. Suppose -3*d = 4*s - 74, s - 80 = -5*d + 3*s. What is the remainder when h(-4) is divided by d?
15
Suppose x + 3 = 2*g - 26, 0 = -g - 2*x + 12. Suppose -g*t = -13*t - 10. Let u(a) = -a**3 - a**2 + 29. What is the remainder when u(0) is divided by t?
9
Suppose -5*a + 6 = -2*a. Suppose 3*g = 5*z + 102, 0 = -3*g - a*g - 4*z + 133. Calculate the remainder when 85 is divided by g.
27
Let w(s) be the second derivative of s**5/20 - 7*s**4/12 - 3*s**3/2 + 11*s**2/2 + 4*s. What is the remainder when (1 - 3)/((-2)/4) is divided by w(8)?
1
Let w = 20 - 14. Suppose 3*h - 2*h + 2 = 0, -d + 3*h = -16. What is the remainder when d is divided by w?
4
Let w = 202 + -197. Calculate the remainder when w is divided by 4.
1
Let v = -8 + -2. Let i(h) = h + 13. What is the remainder when 9 is divided by i(v)?
0
Let d = 17 + -11. Let p = 28 - 18. What is the remainder when p is divided by d?
4
Let u be (3 + 0 + -1)/2. Let f = 2 - u. Calculate the remainder when 1 is divided by f.
0
Let p = 5 - -1. Suppose p = -c + 43. Calculate the remainder when c is divided by (-4)/(48/(-148)) + (-2)/(-3).
11
Suppose 3*u + 0*u = 12. Let h(d) = -d + 5. Let j be h(5). Suppose -f - 55 = -6*f + t, j = -f - 3*t + 11. What is the remainder when f is divided by u?
3
Let y(r) be the third derivative of r**4/24 + r**3/3 - r**2. What is the remainder when y(2) is divided by -2*(-3)/(-6)*-3?
1
Calculate the remainder when 3*2*(-12)/(-9) is divided by (3 - 1)*4 - 3.
3
Let t = 68 + -48. Let s = t + 2. Calculate the remainder when 42 is divided by s.
20
Let j = -23 + 28. What is the remainder when j is divided by 3?
2
Suppose -5*g + 3*g = -54. What is the remainder when 104 is divided by g?
23
Let c be (4/((-4)/(-1)))/1. Suppose 5*l = -4*d - c + 4, l = -d. Calculate the remainder when 9 is divided by l.
0
Suppose 255 = d + 4*d. Calculate the remainder when d is divided by 18.
15
Let w = 124 - 111. What is the remainder when -4 + 2 - (-28 + 1) is divided by w?
12
Let b(t) = -t**3 + 25*t**2 - 22*t - 17. Calculate the remainder when 120 is divided by b(24).
27
Calculate the remainder when 15 is divided by 2/7 - (-162)/21.
7
Suppose 0 = 18*r - 21*r + 18. Suppose -6 = -4*f - 2. Calculate the remainder when (34/6)/(f/3) is divided by r.
5
Let b = 44 - -20. What is the remainder when 127 is divided by b?
63
Let y = 43 - 25. What is the remainder when 105 is divided by y?
15
Suppose 6*v = 5*a + v - 225, -3*a - v + 151 = 0. What is the remainder when a is divided by (-2)/(-3) + (-49)/(-3)?
15
Let m(r) = -r**3 + 4*r**2 + 6*r - 2. Let i = 6 - 1. Calculate the remainder when 16/(-2)*(-2)/4 is divided by m(i).
1
Let i = -9 + 22. What is the remainder when 23 is divided by i?
10
Let c(d) = -d**2 - d + 22. What is the remainder when c(0) is divided by 13?
9
Let b(c) = c**3 - 5*c**2 - 14*c + 4. What is the remainder when 11 is divided by b(7)?
3
Suppose 3*v + 12 = 3*h, -2*h - 2 = 3*v + 10. Let w = v - -18. What is the remainder when w is divided by 5?
4
Calculate the remainder when 2/3 + 400/3 is divided by 34.
32
Suppose v = 5*n - 9*n + 26, -v - 5*n = -28. Calculate the remainder when v is divided by 8.
2
Suppose -3*o - o + 4*z = -108, 5*z + 73 = 3*o. What is the remainder when o is divided by 17?
14
Let m(n) = -7*n + 48. Calculate the remainder when 21 is divided by m(6).
3
What is the remainder when (-422)/(-8) - (-14)/56 is divided by 8?
5
Let m(b) = -2*b**3 - 5*b**2 - 3*b - 4. Let r(l) = -45*l - 35. What is the remainder when r(-2) is divided by m(-3)?
13
Suppose 0*k - 9 = 3*k. Let q(h) = -h**3 - h**2 + h + 4. Suppose 5*y - y = -4*z + 44, 3*y + 5*z - 35 = 0. What is the remainder when q(k) is divided by y?
9
Let g = -52 - -67. Calculate the remainder when 59 is divided by g.
14
Let w = 6 - 1. Let l(o) = -o**3 + 7*o**2 - 5*o - 6. Calculate the remainder when l(w) is divided by ((-4)/(-12))/((-1)/(-30)).
9
Let j = -4 - -14. What is the remainder when 37 is divided by j?
7
Let x(o) = -o**3 + 6*o**2 - 3*o - 5. What is the remainder when 28 is divided by x(4)?
13
Let o(c) = -c**2 + 33. What is the remainder when 194 is divided by o(0)?
29
Let n = -40 - -64. What is the remain